13, what is -882692 - 4?
-882696
In base 14, what is 4d3376 + -4?
4d3372
In base 5, what is 3220 + 3403?
12123
In base 5, what is -20312233133 - -2?
-20312233131
In base 14, what is 1192 - ba6?
3ca
In base 13, what is -80bab5 + -6?
-80babb
In base 5, what is -2 - 21012441230?
-21012441232
In base 12, what is 195b822 + 2a?
195b850
In base 14, what is -c02 + 3ac60?
3a05c
In base 15, what is -3 - -3be601?
3be5ed
In base 8, what is 4 - 123056242?
-123056236
In base 16, what is 30 - 1647935?
-1647905
In base 5, what is 24414030 + -1002?
24413023
In base 15, what is 1e52 - 24a?
1c07
In base 3, what is -120 - 21110001012000?
-21110001012120
In base 11, what is -364445 - 18?
-364462
In base 10, what is 44357 - -142?
44499
In base 8, what is 253626334 + -10?
253626324
In base 2, what is 1001100111 - 1000110110?
110001
In base 9, what is 47032 - 14825?
32106
In base 7, what is 2446004326 - 1?
2446004325
In base 12, what is -863a + 9782?
1144
In base 9, what is -701085 + 2243?
-687742
In base 13, what is -265446 + 6?
-265440
In base 13, what is -72 - -32b0?
323b
In base 4, what is -110021 + 10003222?
3233201
In base 6, what is -51255455 - -5?
-51255450
In base 2, what is 110 - -1100111101000111101100?
1100111101000111110010
In base 12, what is 6671 + -1a633?
-13b82
In base 16, what is 10 + -3d2dc0?
-3d2db0
In base 8, what is -47540 - 21424?
-71164
In base 2, what is -100001100001101 + -1100011001101?
-101101111011010
In base 10, what is 22 + -3058517?
-3058495
In base 13, what is -1 - c0a706?
-c0a707
In base 8, what is -27525 + -505?
-30232
In base 2, what is -1 - 10110010010010100110100000?
-10110010010010100110100001
In base 16, what is 158 - -4d3f?
4e97
In base 15, what is 3 - 62d09c3?
-62d09c0
In base 16, what is 241a + -3d4a?
-1930
In base 10, what is -256524 - 37?
-256561
In base 12, what is 4b3a - a3b5?
-5477
In base 10, what is 4 - -5879264?
5879268
In base 14, what is -4d4d23c + -1?
-4d4d23d
In base 13, what is 103a9 + 2b47?
13223
In base 14, what is -176956489 + 2?
-176956487
In base 14, what is 629598 - -b?
6295a5
In base 12, what is 2375 - 100510?
-ba157
In base 4, what is -21 - -12003201220?
12003201133
In base 14, what is -29 + -b9d12b?
-b9d156
In base 3, what is -2 - 1002001002220020?
-1002001002220022
In base 6, what is 13411 - 330525?
-313114
In base 14, what is 4b + da6424?
da6471
In base 12, what is -1ab - -2188b3?
218704
In base 4, what is 1 - -21123333333?
21130000000
In base 4, what is -3333102 + -332131?
-10331233
In base 16, what is -8b017e0 + 2?
-8b017de
In base 2, what is -11100010100101011000110100 - -101?
-11100010100101011000101111
In base 13, what is 0 - -87698?
87698
In base 4, what is -123310 - -10000200?
3210230
In base 14, what is -12543b - -1d?
-12541c
In base 4, what is 0 - -203101001121?
203101001121
In base 16, what is -c08 - 8b4?
-14bc
In base 2, what is 110001100000111101110110 - -11?
110001100000111101111001
In base 11, what is 825572 + 56?
825618
In base 6, what is 4145010 - 15?
4144551
In base 11, what is -3123 - aa0?
-4113
In base 14, what is -3064 - 32da1?
-36025
In base 15, what is d93e4 + 17d?
d9572
In base 6, what is 12033 + 211001?
223034
In base 13, what is 149722 + -72?
149680
In base 15, what is -589c7c9 + 2?
-589c7c7
In base 12, what is 2a0 - -39753?
39a33
In base 11, what is -135a8 - 1501?
-14aa9
In base 13, what is 5 - ac2623?
-ac261b
In base 12, what is 3488332 + -6?
3488328
In base 4, what is -22213312102 - 10313?
-22213323021
In base 15, what is -80368b + -3e?
-8036ca
In base 7, what is 14 + -450206064?
-450206050
In base 15, what is 17 + 385bc3?
385bda
In base 4, what is 103132300201 + 33?
103132300300
In base 2, what is -11100001110101000000111 - 101?
-11100001110101000001100
In base 6, what is -2214125102 + -2?
-2214125104
In base 7, what is 201542 + -40?
201502
In base 4, what is 32323021 - -3232333?
102222020
In base 14, what is -11 - 5b93d2?
-5b9403
In base 11, what is 1139a2 + -21?
113981
In base 9, what is -57134 - 26?
-57161
In base 10, what is -7779 - 17886?
-25665
In base 11, what is -5788927 + -5?
-5788931
In base 13, what is -174aa + 1a8b?
-1571c
In base 15, what is c2d4 - e50?
b384
In base 9, what is 635 - -42813?
43548
In base 5, what is -13 + 20222201?
20222133
In base 16, what is -807b7c + 97?
-807ae5
In base 11, what is 36 + 3160676?
3160701
In base 13, what is ba38a - -2?
ba38c
In base 6, what is 320150 - 350?
315400
In base 8, what is 100220 + 607?
101027
In base 6, what is 1 + 4425030504?
4425030505
In base 4, what is 3 - -2323131323013?
2323131323022
In base 8, what is 510106 - -216?
510324
In base 2, what is 110100000100011011101100100111 + 101?
110100000100011011101100101100
In base 11, what is -9111876 - 17?
-9111892
In base 11, what is 187942 + -49?
1878a4
In base 13, what is -157 - 10cb769?
-10cb8c3
In base 3, what is 22 + -22210000200000?
-22210000122201
In base 11, what is -4454 - 1017?
-5470
In base 8, what is -144 + 106401?
106235
In base 2, what is -11111 + 100100010111001111101?
100100010111001011110
In base 15, what is 737ad + a9?
73867
In base 16, what is -7 - -7cfd3c?
7cfd35
In base 14, what is 2c218 - 94d?
2b6a9
In base 6, what is 41150 + 1220133?
1301323
In base 5, what is -1440 + 4232334?
4230344
In base 12, what is 15873 - -9758?
2340b
In base 7, what is -210404 - -1146?
-206225
In base 6, what is -103 + -1435431?
-1435534
In base 6, what is 4 - 24454423322?
-24454423314
In base 8, what is 3 - 30212342?
-30212337
In base 13, what is 2 + 410856cb?
41085700
In base 9, what is 31543026 + -2?
31543024
In base 10, what is -17132 + -50131?
-67263
In base 14, what is -2057c7 - -102?
-2056c5
In base 6, what is 3 - 3533212520?
-3533212513
In base 4, what is -33 - 3201230323?
-3201231022
In base 7, what is -10000410 + 21?
-10000356
In base 6, what is -1054011 - -310413?
-343154
In base 14, what is a2a42 - 32b?
a2715
In base 2, what is -110011000101 - -1111100000?
-100011100101
In base 12, what is -11b47b - -4?
-11b477
In base 11, what is 1231a - -232?
12551
In base 4, what is 333 - 23133331220?
-23133330221
In base 8, what is -3 - -625113?
625110
In base 14, what is -58 + -917dc?
-91856
In base 7, what is 20560210636 + -5?
20560210631
In base 15, what is 156d84 + 34?
156db8
In base 16, what is -126 - -7fac9?
7f9a3
In base 15, what is -4 + -645341?
-645345
In base 16, what is -2ee604a - -2?
-2ee6048
In base 6, what is -5330011 + -14?
-5330025
In base 16, what is 4 + -589f811?
-589f80d
In base 14, what is 1733b + -102?
17239
In base 16, what is -4a8 - -19bd?
1515
In base 8, what is -20 + -2625027?
-2625047
In base 3, what is 102 + -12002002002202?
-12002002002100
In base 16, what is 489f3 - 287?
4876c
In base 7, what is -214 + -2554666?
-2555213
In base 13, what is 1967b3b + 4?
1967b42
In base 3, what is -122112121121002212 - 1?
-122112121121002220
In base 2, what is 110100000011100110000001 - 100?
110100000011100101111101
In base 12, what is -1614720b + 2?
-16147209
In base 6, what is 100012 + 4551?
105003
In base 15, what is -414c + 206?
-3e46
In base 7, what is -16203046 - -154?
-16202562
In base 13, what is 34 - -3b3512?
3b3546
In base 2, what is -10 + -111111011110111111110100111?
-111111011110111111110101001
In base 2, what is -10100101010111001111011 - 11?
-10100101010111001111110
In base 5, what is -2140102 + 13003?
-2122044
In base 2, what is -10011111011100101001011 + -10111?
-10011111011100101100010
In base 11, what is 2a622 - 589?
2a044
In base 6, what is -12321552050 - 3?
-12321552053
In base 9, what is -2 - -106585582?
106585580
In base 10, what is 2 - 11768078?
-11768076
In base 11, what is -25a66a + -21?
-25a690
In base 4, what is -20332 - 223123?
-310121
In base 13, what is 256707 + 1bb?
2568c5
In base 11, what is 3 - -3937a2?
3937a5
In base 9, what is -127 - -4134?
4006
In base 3, what is 221200111 - -220001102?
1211201220
In base 9, what is -4674811 + 5?
-4674805
In base 3, what is -102110 - -11122100101?
11121220221
In base 14, what is 2 + -724ac07?
-724ac05
In base 7, what is 31 - -1120340?
1120401
In base 14, what is 8ba927 + 0?
8ba927
In base 11, what is -605 + -4781?
-5286
In base 13, what is -51a89294 + 4?
-51a89290
In base 8, what is 7 + 43667355?
43667364
In base 11, what is 5 + 495369aa?
49536a04
In base 6, what is -340520544 - -3?
-3405